{"id":712,"date":"2020-06-14T13:41:13","date_gmt":"2020-06-14T11:41:13","guid":{"rendered":"http:\/\/www.odilecouture.ch\/?post_type=product&#038;p=712"},"modified":"2026-01-10T14:59:56","modified_gmt":"2026-01-10T13:59:56","slug":"snood-pour-enfant","status":"publish","type":"product","link":"https:\/\/www.odilecouture.ch\/?product=snood-pour-enfant","title":{"rendered":"Snood pour enfant"},"content":{"rendered":"<p>Snood pour enfant de 1 \u00e0 10 ans.<\/p>\n<p>Ext\u00e9rieur en jersey, int\u00e9rieur en polaire tr\u00e8s doux, pour des petits cous bien au chaud!<\/p>\n<p>Entretien:<\/p>\n<ul>\n<li>Lavage en machine \u00e0 30\u00b0C<\/li>\n<li>S\u00e8che-linge sur d\u00e9licat<\/li>\n<\/ul>","protected":false},"excerpt":{"rendered":"<p>Snood pour enfant de 1 \u00e0 10 ans. Ext\u00e9rieur en jersey, int\u00e9rieur en polaire tr\u00e8s doux, pour des petits cous<\/p>\n","protected":false},"featured_media":845,"template":"","meta":{"spay_email":""},"_links":{"self":[{"href":"https:\/\/www.odilecouture.ch\/index.php?rest_route=\/wp\/v2\/product\/712"}],"collection":[{"href":"https:\/\/www.odilecouture.ch\/index.php?rest_route=\/wp\/v2\/product"}],"about":[{"href":"https:\/\/www.odilecouture.ch\/index.php?rest_route=\/wp\/v2\/types\/product"}],"wp:featuredmedia":[{"embeddable":true,"href":"https:\/\/www.odilecouture.ch\/index.php?rest_route=\/wp\/v2\/media\/845"}],"wp:attachment":[{"href":"https:\/\/www.odilecouture.ch\/index.php?rest_route=%2Fwp%2Fv2%2Fmedia&parent=712"}],"curies":[{"name":"wp","href":"https:\/\/api.w.org\/{rel}","templated":true}]}}