{"id":1147,"date":"2020-11-26T20:53:39","date_gmt":"2020-11-26T19:53:39","guid":{"rendered":"http:\/\/www.odilecouture.ch\/?page_id=1147"},"modified":"2020-11-27T21:36:00","modified_gmt":"2020-11-27T20:36:00","slug":"_qui","status":"publish","type":"page","link":"https:\/\/www.odilecouture.ch\/?page_id=1147","title":{"rendered":"_Qui"},"content":{"rendered":"<div data-elementor-type=\"wp-page\" data-elementor-id=\"1147\" class=\"elementor elementor-1147\" data-elementor-settings=\"[]\">\n\t\t\t\t\t\t<div class=\"elementor-inner\">\n\t\t\t\t\t\t\t<div class=\"elementor-section-wrap\">\n\t\t\t\t\t\t\t<section class=\"elementor-section elementor-top-section elementor-element elementor-element-0077517 elementor-section-boxed elementor-section-height-default elementor-section-height-default\" data-id=\"0077517\" data-element_type=\"section\">\n\t\t\t\t\t\t<div class=\"elementor-container elementor-column-gap-default\">\n\t\t\t\t\t\t\t<div class=\"elementor-row\">\n\t\t\t\t\t<div class=\"elementor-column elementor-col-100 elementor-top-column elementor-element elementor-element-c1f6c58\" data-id=\"c1f6c58\" data-element_type=\"column\">\n\t\t\t<div class=\"elementor-column-wrap elementor-element-populated\">\n\t\t\t\t\t\t\t<div class=\"elementor-widget-wrap\">\n\t\t\t\t\t\t<div class=\"elementor-element elementor-element-4e06071 elementor-widget elementor-widget-heading\" data-id=\"4e06071\" data-element_type=\"widget\" data-widget_type=\"heading.default\">\n\t\t\t\t<div class=\"elementor-widget-container\">\n\t\t\t<h1 class=\"elementor-heading-title elementor-size-default\">Qui sommes-nous?<\/h1>\t\t<\/div>\n\t\t\t\t<\/div>\n\t\t\t\t\t\t<\/div>\n\t\t\t\t\t<\/div>\n\t\t<\/div>\n\t\t\t\t\t\t\t\t<\/div>\n\t\t\t\t\t<\/div>\n\t\t<\/section>\n\t\t\t\t<section class=\"elementor-section elementor-top-section elementor-element elementor-element-e80dfec elementor-section-boxed elementor-section-height-default elementor-section-height-default\" data-id=\"e80dfec\" data-element_type=\"section\">\n\t\t\t\t\t\t<div class=\"elementor-container elementor-column-gap-default\">\n\t\t\t\t\t\t\t<div class=\"elementor-row\">\n\t\t\t\t\t<div class=\"elementor-column elementor-col-100 elementor-top-column elementor-element elementor-element-88b5a65\" data-id=\"88b5a65\" data-element_type=\"column\">\n\t\t\t<div class=\"elementor-column-wrap elementor-element-populated\">\n\t\t\t\t\t\t\t<div class=\"elementor-widget-wrap\">\n\t\t\t\t\t\t<div class=\"elementor-element elementor-element-ec0bcc0 elementor-widget-divider--separator-type-pattern elementor-widget-divider--no-spacing elementor-widget-divider--view-line elementor-widget elementor-widget-divider\" data-id=\"ec0bcc0\" data-element_type=\"widget\" data-widget_type=\"divider.default\">\n\t\t\t\t<div class=\"elementor-widget-container\">\n\t\t\t\t\t<div class=\"elementor-divider\" style=\"--divider-pattern-url: url(&quot;data:image\/svg+xml,%3Csvg xmlns=&#039;http:\/\/www.w3.org\/2000\/svg&#039; preserveAspectRatio=&#039;xMidYMid meet&#039; overflow=&#039;visible&#039; height=&#039;100%&#039; viewBox=&#039;0 0 120 26&#039; fill=&#039;black&#039; stroke=&#039;none&#039;%3E%3Cpolygon points=&#039;0,14.4 0,21 11.5,12.4 21.3,20 30.4,11.1 40.3,20 51,12.4 60.6,20 69.6,11.1 79.3,20 90.1,12.4 99.6,20 109.7,11.1 120,21 120,14.4 109.7,5 99.6,13 90.1,5 79.3,14.5 71,5.7 60.6,12.4 51,5 40.3,14.5 31.1,5 21.3,13 11.5,5 \t&#039;\/%3E%3C\/svg%3E&quot;);\">\n\t\t\t<span class=\"elementor-divider-separator\">\n\t\t\t\t\t\t<\/span>\n\t\t<\/div>\n\t\t\t\t<\/div>\n\t\t\t\t<\/div>\n\t\t\t\t<div class=\"elementor-element elementor-element-1cf5a1e elementor-widget elementor-widget-heading\" data-id=\"1cf5a1e\" data-element_type=\"widget\" data-widget_type=\"heading.default\">\n\t\t\t\t<div class=\"elementor-widget-container\">\n\t\t\t<h3 class=\"elementor-heading-title elementor-size-default\"><p style=\"font-variant-ligatures: normal; font-variant-caps: normal; font-style: normal; font-weight: 400; white-space: normal; color: rgb(68, 68, 68);\"><span style=\"color: var( --e-global-color-primary ); font-family: var( --e-global-typography-primary-font-family ), Sans-serif; font-size: 38px; font-weight: var( --e-global-typography-primary-font-weight ); white-space: pre-wrap;\">Histoire de l'atelier<\/span><span style=\"color: var( --e-global-color-primary ); font-family: var( --e-global-typography-primary-font-family ), Sans-serif; font-size: 34px; font-weight: var( --e-global-typography-primary-font-weight ); white-space: pre-wrap;\"><\/span><\/p><\/h3>\t\t<\/div>\n\t\t\t\t<\/div>\n\t\t\t\t<section class=\"elementor-section elementor-inner-section elementor-element elementor-element-44b4868 elementor-section-boxed elementor-section-height-default elementor-section-height-default\" data-id=\"44b4868\" data-element_type=\"section\">\n\t\t\t\t\t\t<div class=\"elementor-container elementor-column-gap-default\">\n\t\t\t\t\t\t\t<div class=\"elementor-row\">\n\t\t\t\t\t<div class=\"elementor-column elementor-col-50 elementor-inner-column elementor-element elementor-element-9ba8b60\" data-id=\"9ba8b60\" data-element_type=\"column\">\n\t\t\t<div class=\"elementor-column-wrap elementor-element-populated\">\n\t\t\t\t\t\t\t<div class=\"elementor-widget-wrap\">\n\t\t\t\t\t\t<div class=\"elementor-element elementor-element-63d1500 elementor-widget elementor-widget-text-editor\" data-id=\"63d1500\" data-element_type=\"widget\" data-widget_type=\"text-editor.default\">\n\t\t\t\t<div class=\"elementor-widget-container\">\n\t\t\t\t\t\t\t\t<div class=\"elementor-text-editor elementor-clearfix\">\n\t\t\t\t<p style=\"font-variant-ligatures: normal; font-variant-caps: normal; font-style: normal; font-weight: 400; color: #444444;\"><span style=\"font-family: georgia, palatino, serif; font-size: 12pt; font-style: normal; font-variant-ligatures: normal; font-variant-caps: normal; font-weight: 400;\">N\u00e9e en 1985 \u00e0 Cernier au Val-de-Ruz, maman depuis 2018, passionn\u00e9e de montagne et de musique, Odile Mast cr\u00e9e cet atelier en 2009.<\/span><\/p><p style=\"font-variant-ligatures: normal; font-variant-caps: normal; font-style: normal; font-weight: 400; color: #444444;\"><span style=\"font-family: georgia, palatino, serif; font-size: 12pt;\">Attir\u00e9e depuis toute petite par la couture, c\u2019est tout naturellement qu\u2019elle en fait son m\u00e9tier. En 2003 elle obtient son CFC de Couturi\u00e8re \u00e0 L\u2019Ecole d\u2019Art de la Chaux-de-Fonds.<\/span><\/p><p style=\"font-variant-ligatures: normal; font-variant-caps: normal; font-style: normal; font-weight: 400; color: #444444;\"><span style=\"font-family: georgia, palatino, serif; font-size: 12pt;\">Ensuite, tout en travaillant quelques ann\u00e9es dans un magasin de tissus, elle effectue des retouches et travaux de couture en parall\u00e8le.<\/span><\/p><p style=\"font-variant-ligatures: normal; font-variant-caps: normal; font-style: normal; font-weight: 400; color: #444444;\"><span style=\"font-family: georgia, palatino, serif; font-size: 12pt;\">Cela faisait plusieurs ann\u00e9es que l\u2019id\u00e9e d\u2019ouvrir un \u00ab\u00a0caf\u00e9 couture\u00a0\u00bb lui trottait dans la t\u00eate. Un endroit accueillant, chaleureux o\u00f9 les passionn\u00e9s de couture pourraient se retrouver et \u00e9changer autour d\u2019une bonne tasse de th\u00e9 ou de caf\u00e9. Ce magnifique projet a vu le jour le 1<span style=\"line-height: 1; height: 0px; position: relative; bottom: 1ex;\">er<\/span>\u00a0octobre 2009 \u00e0 Villiers.<\/span><\/p><p style=\"font-variant-ligatures: normal; font-variant-caps: normal; font-style: normal; font-weight: 400; color: #444444;\"><span style=\"font-family: georgia, palatino, serif; font-size: 12pt;\">Depuis plus de 10 ans, elle vous accueille dans un cadre calme et propice \u00e0 la cr\u00e9ativit\u00e9\u00a0! En plus des cours de couture, vous y trouverez un service de retouches et de cr\u00e9ation sur mesure.<\/span><\/p>\t\t\t\t\t<\/div>\n\t\t\t\t\t\t<\/div>\n\t\t\t\t<\/div>\n\t\t\t\t\t\t<\/div>\n\t\t\t\t\t<\/div>\n\t\t<\/div>\n\t\t\t\t<div class=\"elementor-column elementor-col-50 elementor-inner-column elementor-element elementor-element-cd32f82\" data-id=\"cd32f82\" data-element_type=\"column\">\n\t\t\t<div class=\"elementor-column-wrap elementor-element-populated\">\n\t\t\t\t\t\t\t<div class=\"elementor-widget-wrap\">\n\t\t\t\t\t\t<div class=\"elementor-element elementor-element-1f4b5ee elementor-widget elementor-widget-image\" data-id=\"1f4b5ee\" data-element_type=\"widget\" data-widget_type=\"image.default\">\n\t\t\t\t<div class=\"elementor-widget-container\">\n\t\t\t\t\t\t\t\t<div class=\"elementor-image\">\n\t\t\t\t\t\t\t\t\t\t\t\t\t<a href=\"http:\/\/www.odilecouture.ch\/wp-content\/uploads\/2020\/10\/Photo-atelier2020.jpg\" data-elementor-open-lightbox=\"yes\" data-elementor-lightbox-title=\"Photo atelier2020\">\n\t\t\t\t\t\t\t<img width=\"800\" height=\"600\" src=\"https:\/\/www.odilecouture.ch\/wp-content\/uploads\/2020\/10\/Photo-atelier2020-1024x768.jpg\" class=\"attachment-large size-large\" alt=\"\" loading=\"lazy\" srcset=\"https:\/\/www.odilecouture.ch\/wp-content\/uploads\/2020\/10\/Photo-atelier2020-1024x768.jpg 1024w, https:\/\/www.odilecouture.ch\/wp-content\/uploads\/2020\/10\/Photo-atelier2020-300x225.jpg 300w, https:\/\/www.odilecouture.ch\/wp-content\/uploads\/2020\/10\/Photo-atelier2020-768x576.jpg 768w, https:\/\/www.odilecouture.ch\/wp-content\/uploads\/2020\/10\/Photo-atelier2020-1536x1152.jpg 1536w, https:\/\/www.odilecouture.ch\/wp-content\/uploads\/2020\/10\/Photo-atelier2020-24x18.jpg 24w, https:\/\/www.odilecouture.ch\/wp-content\/uploads\/2020\/10\/Photo-atelier2020-36x27.jpg 36w, https:\/\/www.odilecouture.ch\/wp-content\/uploads\/2020\/10\/Photo-atelier2020-48x36.jpg 48w, https:\/\/www.odilecouture.ch\/wp-content\/uploads\/2020\/10\/Photo-atelier2020-600x450.jpg 600w, https:\/\/www.odilecouture.ch\/wp-content\/uploads\/2020\/10\/Photo-atelier2020.jpg 2048w\" sizes=\"(max-width: 800px) 100vw, 800px\" \/>\t\t\t\t\t\t\t\t<\/a>\n\t\t\t\t\t\t\t\t\t\t\t\t\t\t<\/div>\n\t\t\t\t\t\t<\/div>\n\t\t\t\t<\/div>\n\t\t\t\t\t\t<\/div>\n\t\t\t\t\t<\/div>\n\t\t<\/div>\n\t\t\t\t\t\t\t\t<\/div>\n\t\t\t\t\t<\/div>\n\t\t<\/section>\n\t\t\t\t\t\t<\/div>\n\t\t\t\t\t<\/div>\n\t\t<\/div>\n\t\t\t\t\t\t\t\t<\/div>\n\t\t\t\t\t<\/div>\n\t\t<\/section>\n\t\t\t\t\t\t<\/div>\n\t\t\t\t\t\t<\/div>\n\t\t\t\t\t<\/div>","protected":false},"excerpt":{"rendered":"<p>Qui sommes-nous? Histoire de l&rsquo;atelier N\u00e9e en 1985 \u00e0 Cernier au Val-de-Ruz, maman depuis 2018, passionn\u00e9e de montagne et de<\/p>\n","protected":false},"author":1,"featured_media":0,"parent":0,"menu_order":0,"comment_status":"closed","ping_status":"closed","template":"","meta":{"spay_email":""},"_links":{"self":[{"href":"https:\/\/www.odilecouture.ch\/index.php?rest_route=\/wp\/v2\/pages\/1147"}],"collection":[{"href":"https:\/\/www.odilecouture.ch\/index.php?rest_route=\/wp\/v2\/pages"}],"about":[{"href":"https:\/\/www.odilecouture.ch\/index.php?rest_route=\/wp\/v2\/types\/page"}],"author":[{"embeddable":true,"href":"https:\/\/www.odilecouture.ch\/index.php?rest_route=\/wp\/v2\/users\/1"}],"replies":[{"embeddable":true,"href":"https:\/\/www.odilecouture.ch\/index.php?rest_route=%2Fwp%2Fv2%2Fcomments&post=1147"}],"version-history":[{"count":16,"href":"https:\/\/www.odilecouture.ch\/index.php?rest_route=\/wp\/v2\/pages\/1147\/revisions"}],"predecessor-version":[{"id":1277,"href":"https:\/\/www.odilecouture.ch\/index.php?rest_route=\/wp\/v2\/pages\/1147\/revisions\/1277"}],"wp:attachment":[{"href":"https:\/\/www.odilecouture.ch\/index.php?rest_route=%2Fwp%2Fv2%2Fmedia&parent=1147"}],"curies":[{"name":"wp","href":"https:\/\/api.w.org\/{rel}","templated":true}]}}

<div data-elementor-type="wp-page" data-elementor-id="1147" class="elementor elementor-1147" data-elementor-settings="[]">
						<div class="elementor-inner">
							<div class="elementor-section-wrap">
							<section class="elementor-section elementor-top-section elementor-element elementor-element-0077517 elementor-section-boxed elementor-section-height-default elementor-section-height-default" data-id="0077517" data-element_type="section">
						<div class="elementor-container elementor-column-gap-default">
							<div class="elementor-row">
					<div class="elementor-column elementor-col-100 elementor-top-column elementor-element elementor-element-c1f6c58" data-id="c1f6c58" data-element_type="column">
			<div class="elementor-column-wrap elementor-element-populated">
							<div class="elementor-widget-wrap">
						<div class="elementor-element elementor-element-4e06071 elementor-widget elementor-widget-heading" data-id="4e06071" data-element_type="widget" data-widget_type="heading.default">
				<div class="elementor-widget-container">
			<h1 class="elementor-heading-title elementor-size-default">Qui sommes-nous?</h1>		</div>
				</div>
						</div>
					</div>
		</div>
								</div>
					</div>
		</section>
				<section class="elementor-section elementor-top-section elementor-element elementor-element-e80dfec elementor-section-boxed elementor-section-height-default elementor-section-height-default" data-id="e80dfec" data-element_type="section">
						<div class="elementor-container elementor-column-gap-default">
							<div class="elementor-row">
					<div class="elementor-column elementor-col-100 elementor-top-column elementor-element elementor-element-88b5a65" data-id="88b5a65" data-element_type="column">
			<div class="elementor-column-wrap elementor-element-populated">
							<div class="elementor-widget-wrap">
						<div class="elementor-element elementor-element-ec0bcc0 elementor-widget-divider--separator-type-pattern elementor-widget-divider--no-spacing elementor-widget-divider--view-line elementor-widget elementor-widget-divider" data-id="ec0bcc0" data-element_type="widget" data-widget_type="divider.default">
				<div class="elementor-widget-container">
					<div class="elementor-divider" style="--divider-pattern-url: url(&quot;data:image/svg+xml,%3Csvg xmlns=&#039;http://www.w3.org/2000/svg&#039; preserveAspectRatio=&#039;xMidYMid meet&#039; overflow=&#039;visible&#039; height=&#039;100%&#039; viewBox=&#039;0 0 120 26&#039; fill=&#039;black&#039; stroke=&#039;none&#039;%3E%3Cpolygon points=&#039;0,14.4 0,21 11.5,12.4 21.3,20 30.4,11.1 40.3,20 51,12.4 60.6,20 69.6,11.1 79.3,20 90.1,12.4 99.6,20 109.7,11.1 120,21 120,14.4 109.7,5 99.6,13 90.1,5 79.3,14.5 71,5.7 60.6,12.4 51,5 40.3,14.5 31.1,5 21.3,13 11.5,5 	&#039;/%3E%3C/svg%3E&quot;);">
			<span class="elementor-divider-separator">
						</span>
		</div>
				</div>
				</div>
				<div class="elementor-element elementor-element-1cf5a1e elementor-widget elementor-widget-heading" data-id="1cf5a1e" data-element_type="widget" data-widget_type="heading.default">
				<div class="elementor-widget-container">
			<h3 class="elementor-heading-title elementor-size-default"><p style="font-variant-ligatures: normal; font-variant-caps: normal; font-style: normal; font-weight: 400; white-space: normal; color: rgb(68, 68, 68);"><span style="color: var( --e-global-color-primary ); font-family: var( --e-global-typography-primary-font-family ), Sans-serif; font-size: 38px; font-weight: var( --e-global-typography-primary-font-weight ); white-space: pre-wrap;">Histoire de l'atelier</span><span style="color: var( --e-global-color-primary ); font-family: var( --e-global-typography-primary-font-family ), Sans-serif; font-size: 34px; font-weight: var( --e-global-typography-primary-font-weight ); white-space: pre-wrap;"></span></p></h3>		</div>
				</div>
				<section class="elementor-section elementor-inner-section elementor-element elementor-element-44b4868 elementor-section-boxed elementor-section-height-default elementor-section-height-default" data-id="44b4868" data-element_type="section">
						<div class="elementor-container elementor-column-gap-default">
							<div class="elementor-row">
					<div class="elementor-column elementor-col-50 elementor-inner-column elementor-element elementor-element-9ba8b60" data-id="9ba8b60" data-element_type="column">
			<div class="elementor-column-wrap elementor-element-populated">
							<div class="elementor-widget-wrap">
						<div class="elementor-element elementor-element-63d1500 elementor-widget elementor-widget-text-editor" data-id="63d1500" data-element_type="widget" data-widget_type="text-editor.default">
				<div class="elementor-widget-container">
								<div class="elementor-text-editor elementor-clearfix">
				<p style="font-variant-ligatures: normal; font-variant-caps: normal; font-style: normal; font-weight: 400; color: #444444;"><span style="font-family: georgia, palatino, serif; font-size: 12pt; font-style: normal; font-variant-ligatures: normal; font-variant-caps: normal; font-weight: 400;">Née en 1985 à Cernier au Val-de-Ruz, maman depuis 2018, passionnée de montagne et de musique, Odile Mast crée cet atelier en 2009.</span></p><p style="font-variant-ligatures: normal; font-variant-caps: normal; font-style: normal; font-weight: 400; color: #444444;"><span style="font-family: georgia, palatino, serif; font-size: 12pt;">Attirée depuis toute petite par la couture, c’est tout naturellement qu’elle en fait son métier. En 2003 elle obtient son CFC de Couturière à L’Ecole d’Art de la Chaux-de-Fonds.</span></p><p style="font-variant-ligatures: normal; font-variant-caps: normal; font-style: normal; font-weight: 400; color: #444444;"><span style="font-family: georgia, palatino, serif; font-size: 12pt;">Ensuite, tout en travaillant quelques années dans un magasin de tissus, elle effectue des retouches et travaux de couture en parallèle.</span></p><p style="font-variant-ligatures: normal; font-variant-caps: normal; font-style: normal; font-weight: 400; color: #444444;"><span style="font-family: georgia, palatino, serif; font-size: 12pt;">Cela faisait plusieurs années que l’idée d’ouvrir un « café couture » lui trottait dans la tête. Un endroit accueillant, chaleureux où les passionnés de couture pourraient se retrouver et échanger autour d’une bonne tasse de thé ou de café. Ce magnifique projet a vu le jour le 1<span style="line-height: 1; height: 0px; position: relative; bottom: 1ex;">er</span> octobre 2009 à Villiers.</span></p><p style="font-variant-ligatures: normal; font-variant-caps: normal; font-style: normal; font-weight: 400; color: #444444;"><span style="font-family: georgia, palatino, serif; font-size: 12pt;">Depuis plus de 10 ans, elle vous accueille dans un cadre calme et propice à la créativité ! En plus des cours de couture, vous y trouverez un service de retouches et de création sur mesure.</span></p>					</div>
						</div>
				</div>
						</div>
					</div>
		</div>
				<div class="elementor-column elementor-col-50 elementor-inner-column elementor-element elementor-element-cd32f82" data-id="cd32f82" data-element_type="column">
			<div class="elementor-column-wrap elementor-element-populated">
							<div class="elementor-widget-wrap">
						<div class="elementor-element elementor-element-1f4b5ee elementor-widget elementor-widget-image" data-id="1f4b5ee" data-element_type="widget" data-widget_type="image.default">
				<div class="elementor-widget-container">
								<div class="elementor-image">
													<a href="http://www.odilecouture.ch/wp-content/uploads/2020/10/Photo-atelier2020.jpg" data-elementor-open-lightbox="yes" data-elementor-lightbox-title="Photo atelier2020">
							<img width="800" height="600" src="https://www.odilecouture.ch/wp-content/uploads/2020/10/Photo-atelier2020-1024x768.jpg" class="attachment-large size-large" alt="" loading="lazy" srcset="https://www.odilecouture.ch/wp-content/uploads/2020/10/Photo-atelier2020-1024x768.jpg 1024w, https://www.odilecouture.ch/wp-content/uploads/2020/10/Photo-atelier2020-300x225.jpg 300w, https://www.odilecouture.ch/wp-content/uploads/2020/10/Photo-atelier2020-768x576.jpg 768w, https://www.odilecouture.ch/wp-content/uploads/2020/10/Photo-atelier2020-1536x1152.jpg 1536w, https://www.odilecouture.ch/wp-content/uploads/2020/10/Photo-atelier2020-24x18.jpg 24w, https://www.odilecouture.ch/wp-content/uploads/2020/10/Photo-atelier2020-36x27.jpg 36w, https://www.odilecouture.ch/wp-content/uploads/2020/10/Photo-atelier2020-48x36.jpg 48w, https://www.odilecouture.ch/wp-content/uploads/2020/10/Photo-atelier2020-600x450.jpg 600w, https://www.odilecouture.ch/wp-content/uploads/2020/10/Photo-atelier2020.jpg 2048w" sizes="(max-width: 800px) 100vw, 800px" />								</a>
														</div>
						</div>
				</div>
						</div>
					</div>
		</div>
								</div>
					</div>
		</section>
						</div>
					</div>
		</div>
								</div>
					</div>
		</section>
						</div>
						</div>
					</div>

<p>Qui sommes-nous? Histoire de l&rsquo;atelier Née en 1985 à Cernier au Val-de-Ruz, maman depuis 2018, passionnée de montagne et de</p>
